{"id":69,"date":"2017-10-09T13:25:09","date_gmt":"2017-10-09T13:25:09","guid":{"rendered":"http:\/\/klaara.devel-2046.cz\/formovani-historie\/"},"modified":"2018-06-24T13:01:18","modified_gmt":"2018-06-24T13:01:18","slug":"formovani-historie","status":"publish","type":"page","link":"https:\/\/klaara.net\/cs\/works\/formovani-historie\/","title":{"rendered":"Formov\u00e1n\u00ed historie"},"content":{"rendered":"<p>Kniha se zab\u00fdv\u00e1 interpretac\u00ed d\u011bjin z pohledu r\u016fzn\u00fdch st\u00e1t\u016f. Je vytvo\u0159ena jako obraz jedn\u00e9 a t\u00e9 sam\u00e9 ud\u00e1losti &#8211; Druh\u00e9 sv\u011btov\u00e9 v\u00e1lky. Vedle sebe se potk\u00e1vaj\u00ed p\u0159elo\u017een\u00e9 kapitoly z u\u010debnic d\u011bjepisu dev\u00edti r\u016fzn\u00fdch zem\u00ed sv\u011bta (USA, Japonska, Ruska, It\u00e1lie, Francie, Velk\u00e9 Brit\u00e1nie, Polska, \u010cesk\u00e9 republiky a N\u011bmecka). D\u016fle\u017eit\u00fdm motivem t\u00e9to knihy je mo\u017enost porovn\u00e1v\u00e1n\u00ed fakt\u016f, kter\u00e9 se za norm\u00e1ln\u00edch okolnost\u00ed nemaj\u00ed \u010di sp\u00ed\u0161e nemohou setkat. I to, jak je tato ud\u00e1lost prezentovan\u00e1 v r\u00e1mci ofici\u00e1ln\u00edch \u0161koln\u00edch osnov.<\/p>\n<p>Druh\u00e9 revidovan\u00e9 a roz\u0161\u00ed\u0159en\u00e9 vyd\u00e1n\u00ed knihy (v roce 2012) obsahuje komplexn\u011bj\u0161\u00ed a n\u00e1zorov\u011b r\u016fznorod\u00fd \u00favod. Jedn\u00e1 se o \u010dty\u0159i autorsk\u00e9 reflexe p\u0159ibli\u017euj\u00edc\u00ed r\u016fzn\u00e9 pohledy na t\u00e9ma knihy, pohled historika, sociologa, filozofa a um\u011bleck\u00e9ho teoretika.<br \/>\nKniha je k dost\u00e1n\u00ed na VVP AVU a Kosmas.cz.<\/p>\n<p>(Ve spolupr\u00e1ci s Ale\u0161em \u010cerm\u00e1kem)<\/p>\n","protected":false},"excerpt":{"rendered":"<p>Kniha se zab\u00fdv\u00e1 interpretac\u00ed d\u011bjin z pohledu r\u016fzn\u00fdch st\u00e1t\u016f. Je vytvo\u0159ena jako obraz jedn\u00e9 a t\u00e9 sam\u00e9 ud\u00e1losti &#8211; Druh\u00e9 sv\u011btov\u00e9 v\u00e1lky. Vedle sebe se potk\u00e1vaj\u00ed p\u0159elo\u017een\u00e9 kapitoly z u\u010debnic d\u011bjepisu dev\u00edti r\u016fzn\u00fdch zem\u00ed sv\u011bta (USA, Japonska, Ruska, It\u00e1lie, Francie, Velk\u00e9 Brit\u00e1nie, Polska, \u010cesk\u00e9 republiky a N\u011bmecka). D\u016fle\u017eit\u00fdm motivem t\u00e9to knihy je mo\u017enost porovn\u00e1v\u00e1n\u00ed fakt\u016f, [&hellip;]<\/p>\n","protected":false},"author":1,"featured_media":0,"parent":70,"menu_order":14,"comment_status":"closed","ping_status":"closed","template":"","meta":{"_acf_changed":false,"footnotes":""},"class_list":["post-69","page","type-page","status-publish","hentry"],"acf":[],"_links":{"self":[{"href":"https:\/\/klaara.net\/cs\/wp-json\/wp\/v2\/pages\/69","targetHints":{"allow":["GET"]}}],"collection":[{"href":"https:\/\/klaara.net\/cs\/wp-json\/wp\/v2\/pages"}],"about":[{"href":"https:\/\/klaara.net\/cs\/wp-json\/wp\/v2\/types\/page"}],"author":[{"embeddable":true,"href":"https:\/\/klaara.net\/cs\/wp-json\/wp\/v2\/users\/1"}],"replies":[{"embeddable":true,"href":"https:\/\/klaara.net\/cs\/wp-json\/wp\/v2\/comments?post=69"}],"version-history":[{"count":10,"href":"https:\/\/klaara.net\/cs\/wp-json\/wp\/v2\/pages\/69\/revisions"}],"predecessor-version":[{"id":403,"href":"https:\/\/klaara.net\/cs\/wp-json\/wp\/v2\/pages\/69\/revisions\/403"}],"up":[{"embeddable":true,"href":"https:\/\/klaara.net\/cs\/wp-json\/wp\/v2\/pages\/70"}],"wp:attachment":[{"href":"https:\/\/klaara.net\/cs\/wp-json\/wp\/v2\/media?parent=69"}],"curies":[{"name":"wp","href":"https:\/\/api.w.org\/{rel}","templated":true}]}}

Formování historie

<p>Kniha se zabývá interpretací dějin z pohledu různých států. Je vytvořena jako obraz jedné a té samé události &#8211; Druhé světové války. Vedle sebe se potkávají přeložené kapitoly z učebnic dějepisu devíti různých zemí světa (USA, Japonska, Ruska, Itálie, Francie, Velké Británie, Polska, České republiky a Německa). Důležitým motivem této knihy je možnost porovnávání faktů, které se za normálních okolností nemají či spíše nemohou setkat. I to, jak je tato událost prezentovaná v rámci oficiálních školních osnov.</p>
<p>Druhé revidované a rozšířené vydání knihy (v roce 2012) obsahuje komplexnější a názorově různorodý úvod. Jedná se o čtyři autorské reflexe přibližující různé pohledy na téma knihy, pohled historika, sociologa, filozofa a uměleckého teoretika.<br />
Kniha je k dostání na VVP AVU a Kosmas.cz.</p>
<p>(Ve spolupráci s Alešem Čermákem)</p>

<p>Kniha se zabývá interpretací dějin z pohledu různých států. Je vytvořena jako obraz jedné a té samé události &#8211; Druhé světové války. Vedle sebe se potkávají přeložené kapitoly z učebnic dějepisu devíti různých zemí světa (USA, Japonska, Ruska, Itálie, Francie, Velké Británie, Polska, České republiky a Německa). Důležitým motivem této knihy je možnost porovnávání faktů, [&hellip;]</p>
