{"id":136,"date":"2017-10-09T14:28:32","date_gmt":"2017-10-09T14:28:32","guid":{"rendered":"http:\/\/klaara.devel-2046.cz\/works\/facebook-diaries\/"},"modified":"2018-06-24T13:18:15","modified_gmt":"2018-06-24T13:18:15","slug":"facebook-diaries","status":"publish","type":"page","link":"https:\/\/klaara.net\/cs\/works\/facebook-diaries\/","title":{"rendered":"FB den\u00edky"},"content":{"rendered":"<p>Materi\u00e1lem byl port\u00e1l facebook, kde lid\u00e9 sd\u00edlej\u00ed ohromn\u00e9 mno\u017estv\u00ed soukrom\u00fdch \u00fadaj\u016f, v domn\u011bn\u00ed, \u017ee k nim maj\u00ed p\u0159\u00edstup pouze jejich p\u0159\u00e1tel\u00e9 a zn\u00e1m\u00ed. Pro zainteresovan\u00e9ho jedince nen\u00ed a\u017e tak t\u011b\u017ek\u00e9 tyto informace n\u011bjak\u00fdm zp\u016fsobem z\u00edskat a zneu\u017e\u00edt. P\u016fvodn\u011b soukrom\u00e1 sd\u011blen\u00ed a priv\u00e1tn\u00ed fotografie ur\u010den\u00e9 pro okruh nejbli\u017e\u0161\u00edch, tak mohou skon\u010dit velmi ne\u010dekan\u00fdm zp\u016fsobem, co\u017e si v\u011bt\u0161ina lid\u00ed nep\u0159ipou\u0161t\u00ed.<\/p>\n<p>Vytvo\u0159ila jsem si profil s minimem vlastn\u00edch osobn\u00edch \u00fadaj\u016f a vybrala si t\u0159i \u201ep\u0159\u00e1tele\u201c, se kter\u00fdmi na facebooku sd\u00edl\u00edm osobn\u00ed informace a o kter\u00fdch toho p\u0159\u00edli\u0161 nev\u00edm a mnoho let jsem je nevid\u011bla. Na z\u00e1klad\u011b jejich status\u016f, koment\u00e1\u0159\u016f, \u00fa\u010dastech na akc\u00edch, ve skupin\u00e1ch a dal\u0161\u00edch zdroj\u016f, jsem jim psala ka\u017ed\u00fd den jejich vlastn\u00ed den\u00edk v klasick\u00e9 pap\u00edrov\u00e9 podob\u011b. Ru\u010dn\u011b psan\u00fd den\u00edk v prvn\u00ed osob\u011b, jak\u00fd m\u00edvali d\u0159\u00edve lid\u00e9 schovan\u00fd doma, aby ho nikdo nena\u0161el.<\/p>\n<p>Facebook ukl\u00e1d\u00e1 na sv\u00fdch serverech ve\u0161ker\u00e9 informace od chv\u00edle, kdy se \u010dlov\u011bk na s\u00ed\u0165 poprv\u00e9 p\u0159ipojil, tak\u017ee jeden z den\u00edk\u016f obsahoval z\u00e1pisy skoro z ka\u017ed\u00e9ho dne t\u00e9m\u011b\u0159 dvou let ciz\u00edho \u017eivota. Den\u00edky jsem pak anonymn\u011b zanechala na m\u00edstech, kde jsem d\u00edky facebooku v\u011bd\u011bla, \u017ee dan\u00e9 osoby budou&#8230;<\/p>\n","protected":false},"excerpt":{"rendered":"<p>Materi\u00e1lem byl port\u00e1l facebook, kde lid\u00e9 sd\u00edlej\u00ed ohromn\u00e9 mno\u017estv\u00ed soukrom\u00fdch \u00fadaj\u016f, v domn\u011bn\u00ed, \u017ee k nim maj\u00ed p\u0159\u00edstup pouze jejich p\u0159\u00e1tel\u00e9 a zn\u00e1m\u00ed. Pro zainteresovan\u00e9ho jedince nen\u00ed a\u017e tak t\u011b\u017ek\u00e9 tyto informace n\u011bjak\u00fdm zp\u016fsobem z\u00edskat a zneu\u017e\u00edt. P\u016fvodn\u011b soukrom\u00e1 sd\u011blen\u00ed a priv\u00e1tn\u00ed fotografie ur\u010den\u00e9 pro okruh nejbli\u017e\u0161\u00edch, tak mohou skon\u010dit velmi ne\u010dekan\u00fdm zp\u016fsobem, co\u017e si [&hellip;]<\/p>\n","protected":false},"author":1,"featured_media":0,"parent":70,"menu_order":27,"comment_status":"closed","ping_status":"closed","template":"","meta":{"_acf_changed":false,"footnotes":""},"class_list":["post-136","page","type-page","status-publish","hentry"],"acf":[],"_links":{"self":[{"href":"https:\/\/klaara.net\/cs\/wp-json\/wp\/v2\/pages\/136","targetHints":{"allow":["GET"]}}],"collection":[{"href":"https:\/\/klaara.net\/cs\/wp-json\/wp\/v2\/pages"}],"about":[{"href":"https:\/\/klaara.net\/cs\/wp-json\/wp\/v2\/types\/page"}],"author":[{"embeddable":true,"href":"https:\/\/klaara.net\/cs\/wp-json\/wp\/v2\/users\/1"}],"replies":[{"embeddable":true,"href":"https:\/\/klaara.net\/cs\/wp-json\/wp\/v2\/comments?post=136"}],"version-history":[{"count":11,"href":"https:\/\/klaara.net\/cs\/wp-json\/wp\/v2\/pages\/136\/revisions"}],"predecessor-version":[{"id":414,"href":"https:\/\/klaara.net\/cs\/wp-json\/wp\/v2\/pages\/136\/revisions\/414"}],"up":[{"embeddable":true,"href":"https:\/\/klaara.net\/cs\/wp-json\/wp\/v2\/pages\/70"}],"wp:attachment":[{"href":"https:\/\/klaara.net\/cs\/wp-json\/wp\/v2\/media?parent=136"}],"curies":[{"name":"wp","href":"https:\/\/api.w.org\/{rel}","templated":true}]}}

FB deníky

<p>Materiálem byl portál facebook, kde lidé sdílejí ohromné množství soukromých údajů, v domnění, že k nim mají přístup pouze jejich přátelé a známí. Pro zainteresovaného jedince není až tak těžké tyto informace nějakým způsobem získat a zneužít. Původně soukromá sdělení a privátní fotografie určené pro okruh nejbližších, tak mohou skončit velmi nečekaným způsobem, což si většina lidí nepřipouští.</p>
<p>Vytvořila jsem si profil s minimem vlastních osobních údajů a vybrala si tři „přátele“, se kterými na facebooku sdílím osobní informace a o kterých toho příliš nevím a mnoho let jsem je neviděla. Na základě jejich statusů, komentářů, účastech na akcích, ve skupinách a dalších zdrojů, jsem jim psala každý den jejich vlastní deník v klasické papírové podobě. Ručně psaný deník v první osobě, jaký mívali dříve lidé schovaný doma, aby ho nikdo nenašel.</p>
<p>Facebook ukládá na svých serverech veškeré informace od chvíle, kdy se člověk na síť poprvé připojil, takže jeden z deníků obsahoval zápisy skoro z každého dne téměř dvou let cizího života. Deníky jsem pak anonymně zanechala na místech, kde jsem díky facebooku věděla, že dané osoby budou&#8230;</p>

<p>Materiálem byl portál facebook, kde lidé sdílejí ohromné množství soukromých údajů, v domnění, že k nim mají přístup pouze jejich přátelé a známí. Pro zainteresovaného jedince není až tak těžké tyto informace nějakým způsobem získat a zneužít. Původně soukromá sdělení a privátní fotografie určené pro okruh nejbližších, tak mohou skončit velmi nečekaným způsobem, což si [&hellip;]</p>
